{"id":150,"date":"2015-07-23T10:30:07","date_gmt":"2015-07-23T10:30:07","guid":{"rendered":"http:\/\/adventure-tours.themedelight.com\/?page_id=150"},"modified":"2025-07-29T13:42:14","modified_gmt":"2025-07-29T11:42:14","slug":"home","status":"publish","type":"page","link":"https:\/\/siltrip.com\/","title":{"rendered":"Home"},"content":{"rendered":"<div class=\"wpb-content-wrapper\"><p>[vc_row][vc_column]\n<div class=\"atlist\">\n\t\t<div class=\"atlist__item margin-bottom\">\n\t\t<div class=\"atlist__item__image\">\n\t\t<a class=\"atlist__item__image-wrap\" href=\"https:\/\/siltrip.com\/?product=paseo-en-barco-por-el-canon-del-sil\"><img loading=\"lazy\" decoding=\"async\" width=\"720\" height=\"606\" src=\"https:\/\/siltrip.com\/wp-content\/uploads\/2025\/07\/barco-sil-g3-720x606.jpg\" class=\"attachment-thumb_tour_box size-thumb_tour_box wp-post-image\" alt=\"Ruta en barco por el Sil con Siltrip\" srcset=\"https:\/\/siltrip.com\/wp-content\/uploads\/2025\/07\/barco-sil-g3-720x606.jpg 720w, https:\/\/siltrip.com\/wp-content\/uploads\/2025\/07\/barco-sil-g3-252x212.jpg 252w\" sizes=\"auto, (max-width: 720px) 100vw, 720px\" \/><\/a>\t\t\t\t\t\t<\/div>\n\t\t<div class=\"atlist__item__content atlist__item__content--full-height\">\n\t\t\t<div class=\"atlist__item__content__items\">\n\t\t\t\t<div class=\"atlist__item__content__item\">\n\t\t\t\t\t<h2 class=\"atlist__item__title\"><a href=\"https:\/\/siltrip.com\/?product=paseo-en-barco-por-el-canon-del-sil\">Paseo en catamar\u00e1n por el Ca\u00f1\u00f3n del Sil - Ribeira Sacra<\/a><\/h2>\n\t\t\t\t\t\t\t\t\t\t\t<div class=\"atlist__item__description\">Navegar en barco por los ca\u00f1ones del Sil<\/div>\n\t\t\t\t\t\t\t\t\t<\/div>\n\t\t\t\t<div class=\"atlist__item__content__item atlist__item__content__item--alternative\">\n\t\t\t\t\t\t\t\t\t\t<div class=\"atlist__item__price\"><a href=\"https:\/\/siltrip.com\/?product=paseo-en-barco-por-el-canon-del-sil\"><span class=\"woocommerce-Price-amount amount\"><bdi>20,00&nbsp;<span class=\"woocommerce-Price-currencySymbol\">&euro;<\/span><\/bdi><\/span> <small class=\"woocommerce-price-suffix\">IVA incluido<\/small><\/a><\/div>\t\t\t\t\t<div class=\"atlist__item__price-label\">por reserva<\/div>\t\t\t\t\t<div class=\"atlist__item__read-more\"><a href=\"https:\/\/siltrip.com\/?product=paseo-en-barco-por-el-canon-del-sil\" class=\"atbtn atbtn--small atbtn--rounded atbtn--light\">reservar<\/a><\/div>\n\t\t\t\t<\/div>\n\t\t\t<\/div>\n\t\t\t\t\t<\/div>\n\t<\/div>\n\t\t<div class=\"atlist__item margin-bottom\">\n\t\t<div class=\"atlist__item__image\">\n\t\t<a class=\"atlist__item__image-wrap\" href=\"https:\/\/siltrip.com\/?product=alquiler-de-kayak\"><img loading=\"lazy\" decoding=\"async\" width=\"720\" height=\"606\" src=\"https:\/\/siltrip.com\/wp-content\/uploads\/2025\/07\/kayak-ribeirasacra-home-720x606.jpg\" class=\"attachment-thumb_tour_box size-thumb_tour_box wp-post-image\" alt=\"Alquiler de Kayak\" srcset=\"https:\/\/siltrip.com\/wp-content\/uploads\/2025\/07\/kayak-ribeirasacra-home-720x606.jpg 720w, https:\/\/siltrip.com\/wp-content\/uploads\/2025\/07\/kayak-ribeirasacra-home-252x212.jpg 252w\" sizes=\"auto, (max-width: 720px) 100vw, 720px\" \/><\/a>\t\t\t\t\t\t<\/div>\n\t\t<div class=\"atlist__item__content atlist__item__content--full-height\">\n\t\t\t<div class=\"atlist__item__content__items\">\n\t\t\t\t<div class=\"atlist__item__content__item\">\n\t\t\t\t\t<h2 class=\"atlist__item__title\"><a href=\"https:\/\/siltrip.com\/?product=alquiler-de-kayak\">Alquiler de Kayaks en el Ca\u00f1\u00f3n del Sil - Ribeira Sacra<\/a><\/h2>\n\t\t\t\t\t\t\t\t\t\t\t<div class=\"atlist__item__description\">Alquiler de Kayaks en el Sil<\/div>\n\t\t\t\t\t\t\t\t\t<\/div>\n\t\t\t\t<div class=\"atlist__item__content__item atlist__item__content__item--alternative\">\n\t\t\t\t\t\t\t\t\t\t<div class=\"atlist__item__price\"><a href=\"https:\/\/siltrip.com\/?product=alquiler-de-kayak\"><span class=\"woocommerce-Price-amount amount\"><bdi>15,00&nbsp;<span class=\"woocommerce-Price-currencySymbol\">&euro;<\/span><\/bdi><\/span> <small class=\"woocommerce-price-suffix\">IVA incluido<\/small><\/a><\/div>\t\t\t\t\t<div class=\"atlist__item__price-label\">por reserva<\/div>\t\t\t\t\t<div class=\"atlist__item__read-more\"><a href=\"https:\/\/siltrip.com\/?product=alquiler-de-kayak\" class=\"atbtn atbtn--small atbtn--rounded atbtn--light\">reservar<\/a><\/div>\n\t\t\t\t<\/div>\n\t\t\t<\/div>\n\t\t\t\t\t<\/div>\n\t<\/div>\n<\/div>\n<div id=\"swiper1\" class=\"atgrid atgrid--with-image padding-top-large padding-bottom-large margin-bottom-large\">\n\t<div class=\"atgrid__bg\" style=\"background:url(https:\/\/siltrip.com\/wp-content\/uploads\/2025\/07\/barco-sil.bg_.jpg) no-repeat center\"><\/div>\n<div class=\"title title--big title--center title--decoration-bottom-center\">\n\t\t\t<div class=\"title__subtitle\">Descubre la Ribeira Sacra<\/div>\n\t\t<h3 class=\"title__primary\">Rutas en barco por el Sil<\/h3>\n<\/div>\n\t<div class=\"atgrid__slider\">\n\t\t<div class=\"atgrid__slider__controls\">\n\t\t\t<a class=\"atgrid__slider__prev\" href=\"#\"><i class=\"fa fa-chevron-left\"><\/i><\/a>\n\t\t\t<a class=\"atgrid__slider__next\" href=\"#\"><i class=\"fa fa-chevron-right\"><\/i><\/a>\n\t\t<\/div>\n\n\t\t<div class=\"swiper-container swiper-slider atgrid__slider__container\">\n\t\t\t<div class=\"swiper-wrapper\">\n\t\t\t\t\t\t\t\t\t\t<div class=\"swiper-slide\">\n\t\t\t\t\t<div class=\"atgrid__item\">\n\t\t\t\t\t\t<div class=\"atgrid__item__top\">\n\t\t\t\t\t\t\t<a href=\"https:\/\/siltrip.com\/?product=paseo-en-barco-por-el-canon-del-sil\" class=\"atgrid__item__top__image\"><img loading=\"lazy\" decoding=\"async\" width=\"360\" height=\"240\" src=\"https:\/\/siltrip.com\/wp-content\/uploads\/2025\/07\/barco-sil-g3-360x240.jpg\" class=\"attachment-thumb_tour_listing_small size-thumb_tour_listing_small wp-post-image\" alt=\"Ruta en barco por el Sil con Siltrip\" srcset=\"https:\/\/siltrip.com\/wp-content\/uploads\/2025\/07\/barco-sil-g3-360x240.jpg 360w, https:\/\/siltrip.com\/wp-content\/uploads\/2025\/07\/barco-sil-g3-300x200.jpg 300w, https:\/\/siltrip.com\/wp-content\/uploads\/2025\/07\/barco-sil-g3-768x511.jpg 768w, https:\/\/siltrip.com\/wp-content\/uploads\/2025\/07\/barco-sil-g3-531x354.jpg 531w, https:\/\/siltrip.com\/wp-content\/uploads\/2025\/07\/barco-sil-g3-600x399.jpg 600w, https:\/\/siltrip.com\/wp-content\/uploads\/2025\/07\/barco-sil-g3-180x120.jpg 180w, https:\/\/siltrip.com\/wp-content\/uploads\/2025\/07\/barco-sil-g3.jpg 1024w\" sizes=\"auto, (max-width: 360px) 100vw, 360px\" \/><\/a>\t\t\t\t\t\t\t\t\t\t\t\t\t\t<div class=\"atgrid__item__price\"><a href=\"https:\/\/siltrip.com\/?product=paseo-en-barco-por-el-canon-del-sil\" class=\"atgrid__item__price__button\"><span class=\"woocommerce-Price-amount amount\"><bdi>20,00&nbsp;<span class=\"woocommerce-Price-currencySymbol\">&euro;<\/span><\/bdi><\/span> <small class=\"woocommerce-price-suffix\">IVA incluido<\/small><\/a><\/div>\t\t\t\t\t\t\t\t\t\t\t\t\t\t\t\t\t\t\t\t<\/div>\n\n\t\t\t\t\t\t<div class=\"atgrid__item__content\">\n\t\t\t\t\t\t\t<h3 class=\"atgrid__item__title\"><a href=\"https:\/\/siltrip.com\/?product=paseo-en-barco-por-el-canon-del-sil\">Paseo en catamar\u00e1n por el Ca\u00f1\u00f3n del Sil - Ribeira Sacra<\/a><\/h3>\n\t\t\t\t\t\t\t\t\t\t\t\t\t<div class=\"atgrid__item__description\">Navegar en barco por los ca\u00f1ones del Sil<\/div>\n\t\t\t\t\t\t\t\t\t\t\t\t<\/div>\n\t\t\t\t\t\t<div class=\"item-attributes\">\n\t\t\t\t\t\t\t\t\t\t\t\t\t\t<div class=\"item-attributes__item\">\n\t\t\t\t\t\t\t\t<a href=\"https:\/\/siltrip.com\/?product=paseo-en-barco-por-el-canon-del-sil\" class=\"item-attributes__link\"><i class=\"fa fa-long-arrow-right\"><\/i><\/a>\n\t\t\t\t\t\t\t<\/div>\n\t\t\t\t\t\t<\/div>\n\t\t\t\t\t<\/div>\n\t\t\t\t<\/div>\n\t\t\t\t\t\t\t\t\t\t<div class=\"swiper-slide\">\n\t\t\t\t\t<div class=\"atgrid__item\">\n\t\t\t\t\t\t<div class=\"atgrid__item__top\">\n\t\t\t\t\t\t\t<a href=\"https:\/\/siltrip.com\/?product=alquiler-de-kayak\" class=\"atgrid__item__top__image\"><img loading=\"lazy\" decoding=\"async\" width=\"360\" height=\"240\" src=\"https:\/\/siltrip.com\/wp-content\/uploads\/2025\/07\/kayak-ribeirasacra-home-360x240.jpg\" class=\"attachment-thumb_tour_listing_small size-thumb_tour_listing_small wp-post-image\" alt=\"Alquiler de Kayak\" srcset=\"https:\/\/siltrip.com\/wp-content\/uploads\/2025\/07\/kayak-ribeirasacra-home-360x240.jpg 360w, https:\/\/siltrip.com\/wp-content\/uploads\/2025\/07\/kayak-ribeirasacra-home-531x354.jpg 531w, https:\/\/siltrip.com\/wp-content\/uploads\/2025\/07\/kayak-ribeirasacra-home-180x120.jpg 180w\" sizes=\"auto, (max-width: 360px) 100vw, 360px\" \/><\/a>\t\t\t\t\t\t\t\t\t\t\t\t\t\t<div class=\"atgrid__item__price\"><a href=\"https:\/\/siltrip.com\/?product=alquiler-de-kayak\" class=\"atgrid__item__price__button\"><span class=\"woocommerce-Price-amount amount\"><bdi>15,00&nbsp;<span class=\"woocommerce-Price-currencySymbol\">&euro;<\/span><\/bdi><\/span> <small class=\"woocommerce-price-suffix\">IVA incluido<\/small><\/a><\/div>\t\t\t\t\t\t\t\t\t\t\t\t\t\t\t\t\t\t\t\t<\/div>\n\n\t\t\t\t\t\t<div class=\"atgrid__item__content\">\n\t\t\t\t\t\t\t<h3 class=\"atgrid__item__title\"><a href=\"https:\/\/siltrip.com\/?product=alquiler-de-kayak\">Alquiler de Kayaks en el Ca\u00f1\u00f3n del Sil - Ribeira Sacra<\/a><\/h3>\n\t\t\t\t\t\t\t\t\t\t\t\t\t<div class=\"atgrid__item__description\">Alquiler de Kayaks en el Sil<\/div>\n\t\t\t\t\t\t\t\t\t\t\t\t<\/div>\n\t\t\t\t\t\t<div class=\"item-attributes\">\n\t\t\t\t\t\t\t\t\t\t\t\t\t\t<div class=\"item-attributes__item\">\n\t\t\t\t\t\t\t\t<a href=\"https:\/\/siltrip.com\/?product=alquiler-de-kayak\" class=\"item-attributes__link\"><i class=\"fa fa-long-arrow-right\"><\/i><\/a>\n\t\t\t\t\t\t\t<\/div>\n\t\t\t\t\t\t<\/div>\n\t\t\t\t\t<\/div>\n\t\t\t\t<\/div>\n\t\t\t\t\t\t\t\t\t<\/div><!-- .swiper-wrapper -->\n\t\t<\/div><!-- .swiper-container -->\n\t<\/div><!-- .atgrid__slider  -->\n<\/div><!-- .atgrid -->\n[vc_zigzag]<i class=\"td-arena\"><\/i><div class=\"title title--big title--underline title--decoration-bottom-left\">\n\t\t<h3 class=\"title__primary\">Reserva tu viaje en barco por el Sil<\/h3>\n<\/div>\n[\/vc_column][\/vc_row][vc_row][vc_column width=\u00bb1\/12&#8243; offset=\u00bbvc_col-md-9&#8243;]<div class=\"title title--big\">\n\t\t\t<div class=\"title__subtitle\">Navegar el Ca\u00f1\u00f3n del Sil en barco o kayak<\/div>\n\t\t<h3 class=\"title__primary\">Bienvenido a SilTrip<\/h3>\n<\/div>\n[vc_column_text css=\u00bb\u00bb]\u00bfA que cuando imaginas tu estancia en la Ribeira Sacra navegar entre los Ca\u00f1ones del Sil es parte de tu sue\u00f1o? En SilTrip somos especialistas en actividades fluviales, y ponemos a tu alcance muchas opciones para que vivas el r\u00edo a tu manera.[\/vc_column_text]<div class=\"title title--big\">\n\t\t\t<div class=\"title__subtitle\">Rutas en barco por la Ribeira Sacra<\/div>\n\t\t<h3 class=\"title__primary\">Ribeira Sacra<\/h3>\n<\/div>\n[vc_column_text css=\u00bb\u00bb]Una tierra prodigiosa, encerrada entre r\u00edos y construida a golpe de leyendas, romanos, monjes medievales y paisajes de cuento. La Ribeira Sacra es un vasto territorio repartido entre el sur de la provincia de Lugo y el norte de la de Ourense. Es una tierra de r\u00edos: el Sil y el Mi\u00f1o, el Cabe, el Lor, el Mao\u2026 y una tierra donde el vino se cultiva en laderas vertiginosas que han dado origen a una viticultura catalogada de heroica.<\/p>\n<p>Entre esas laderas verticales navega Siltrip, en la zona catalogada como Red Natura 2000, el Ca\u00f1\u00f3n del Sil. Una fractura geol\u00f3gica incre\u00edble donde es posible ver vi\u00f1as sobre antiguos glaciares, rocas de la Edad del Hierro y un paisaje que no podr\u00e1s olvidar nunca.[\/vc_column_text][\/vc_column][vc_column offset=\u00bbvc_col-md-3&#8243;][vc_empty_space height=\u00bb40px\u00bb el_class=\u00bbvisible-sm visible-xs\u00bb][vc_cta h2=\u00bbViaje en barco\u00bb h4=\u00bbViaje en barco por el SIl\u00bb css=\u00bb\u00bb]Navega por el ca\u00f1\u00f3n del Sil en barco y descubre la Ribeira Sacra[\/vc_cta][\/vc_column][\/vc_row][vc_row el_class=\u00bbsection-white padding-top-large padding-bottom\u00bb][vc_column offset=\u00bbvc_col-md-6&#8243;]<div class=\"last-posts\">\n<div class=\"title title--center title--underline title--decoration-bottom-center\">\n\t\t<h3 class=\"title__primary\">\u00daltimas Publicaciones<\/h3>\n<\/div>\n\t\t<div class=\"last-posts__item\">\n\t\t<div class=\"last-posts__item__container\">\n\t\t<a href=\"https:\/\/siltrip.com\/?p=1\" class=\"last-posts__item__image-wrap\"><\/a>\t\t\t<div class=\"last-posts__item__content\">\n\t\t\t\t<h3 class=\"last-posts__item__title\"><a href=\"https:\/\/siltrip.com\/?p=1\">Hello world!<\/a><\/h3>\n\t\t\t\t<div class=\"last-posts__item__description\">Welcome to WordPress. This is your first post. Edit or delete it, then start writing!<\/div>\n\t\t\t\t<a href=\"https:\/\/siltrip.com\/?p=1\" class=\"atbtn atbtn--rounded atbtn--medium atbtn--light\">Leer<i class=\"atbtn__icon atbtn__icon--right fa fa-long-arrow-right\"><\/i><\/a>\n\t\t\t<\/div>\n\t\t<\/div>\n\t<\/div>\n\t<\/div>\n[\/vc_column][vc_column offset=\u00bbvc_col-md-6&#8243;][vc_empty_space height=\u00bb40px\u00bb el_class=\u00bbvisible-sm visible-xs\u00bb][\/vc_column][\/vc_row][vc_row][vc_column]<div class=\"form-subscribe parallax-section stick-to-bottom form-subscribe--full-width\">\n\t<div class=\"parallax-image\" style=\"background-image:url(http:\/\/adventure-tours.themedelight.com\/wp-content\/uploads\/2015\/09\/mountain-river-optimized2.jpg); background-repeat:repeat;\"><\/div>\n\t<div class=\"form-subscribe__shadow\"><\/div>\n<div class=\"form-subscribe__title\">Recibe nuestra Newsletter<\/div><div class=\"form-subscribe__description\">Registra tu email y recibe nuestras noticias<\/div><\/div>\n[\/vc_column][\/vc_row]<\/p>\n<\/div>","protected":false},"excerpt":{"rendered":"<p>[vc_row][vc_column][vc_zigzag][\/vc_column][\/vc_row][vc_row][vc_column width=\u00bb1\/12&#8243; offset=\u00bbvc_col-md-9&#8243;][vc_column_text css=\u00bb\u00bb]\u00bfA que cuando imaginas tu estancia en la Ribeira Sacra navegar entre los Ca\u00f1ones del Sil es parte de tu sue\u00f1o? En SilTrip somos especialistas en actividades fluviales, y ponemos a tu alcance muchas opciones para que vivas el r\u00edo a tu manera.[\/vc_column_text][vc_column_text css=\u00bb\u00bb]Una tierra prodigiosa, encerrada entre r\u00edos y construida a<\/p>\n<div class=\"padding-top text-center\"><a href=\"https:\/\/siltrip.com\/?product=alquiler-de-kayak\" class=\"atbtn atbtn--medium atbtn--rounded atbtn--transparent\">Leer<i class=\"atbtn__icon atbtn__icon--right fa fa-long-arrow-right\"><\/i><\/a><\/div>\n","protected":false},"author":1,"featured_media":0,"parent":0,"menu_order":0,"comment_status":"open","ping_status":"open","template":"","meta":{"footnotes":""},"class_list":["post-150","page","type-page","status-publish","hentry"],"_links":{"self":[{"href":"https:\/\/siltrip.com\/index.php?rest_route=\/wp\/v2\/pages\/150","targetHints":{"allow":["GET"]}}],"collection":[{"href":"https:\/\/siltrip.com\/index.php?rest_route=\/wp\/v2\/pages"}],"about":[{"href":"https:\/\/siltrip.com\/index.php?rest_route=\/wp\/v2\/types\/page"}],"author":[{"embeddable":true,"href":"https:\/\/siltrip.com\/index.php?rest_route=\/wp\/v2\/users\/1"}],"replies":[{"embeddable":true,"href":"https:\/\/siltrip.com\/index.php?rest_route=%2Fwp%2Fv2%2Fcomments&post=150"}],"version-history":[{"count":14,"href":"https:\/\/siltrip.com\/index.php?rest_route=\/wp\/v2\/pages\/150\/revisions"}],"predecessor-version":[{"id":1393,"href":"https:\/\/siltrip.com\/index.php?rest_route=\/wp\/v2\/pages\/150\/revisions\/1393"}],"wp:attachment":[{"href":"https:\/\/siltrip.com\/index.php?rest_route=%2Fwp%2Fv2%2Fmedia&parent=150"}],"curies":[{"name":"wp","href":"https:\/\/api.w.org\/{rel}","templated":true}]}}